{"id":162,"date":"2016-05-24T16:17:32","date_gmt":"2016-05-24T16:17:32","guid":{"rendered":"http:\/\/kaihensel.de\/?page_id=162"},"modified":"2021-08-23T19:57:27","modified_gmt":"2021-08-23T19:57:27","slug":"bist-du-gluecklich-2","status":"publish","type":"page","link":"http:\/\/kaihensel.de\/?page_id=162","title":{"rendered":"Bist du gl\u00fccklich?"},"content":{"rendered":"<div id=\"pl-162\"  class=\"panel-layout\" ><div id=\"pg-162-0\"  class=\"panel-grid panel-has-style\" ><div class=\"siteorigin-panels-stretch panel-row-style panel-row-style-for-162-0\" style=\"padding: 2px 0; \" data-stretch-type=\"full-stretched\" data-overlay=\"true\" ><div id=\"pgc-162-0-0\"  class=\"panel-grid-cell\" ><div id=\"panel-162-0-0-0\" class=\"so-panel widget widget_sow-image panel-first-child panel-last-child\" data-index=\"0\" ><div class=\"panel-widget-style panel-widget-style-for-162-0-0-0\" ><div\n\t\t\t\n\t\t\tclass=\"so-widget-sow-image so-widget-sow-image-default-dbf295114b96-162\"\n\t\t\t\n\t\t>\n\n<div class=\"sow-image-container\">\n\t\t<img src=\"http:\/\/kaihensel.de\/wp-content\/uploads\/2016\/08\/anzeige01_baja.jpg\" width=\"630\" height=\"850\" srcset=\"http:\/\/kaihensel.de\/wp-content\/uploads\/2016\/08\/anzeige01_baja.jpg 630w, http:\/\/kaihensel.de\/wp-content\/uploads\/2016\/08\/anzeige01_baja-222x300.jpg 222w, http:\/\/kaihensel.de\/wp-content\/uploads\/2016\/08\/anzeige01_baja-230x310.jpg 230w, http:\/\/kaihensel.de\/wp-content\/uploads\/2016\/08\/anzeige01_baja-350x472.jpg 350w\" sizes=\"(max-width: 630px) 100vw, 630px\" title=\"OLYMPUS DIGITAL CAMERA\" alt=\"\" loading=\"lazy\" \t\tclass=\"so-widget-image\"\/>\n\t<\/div>\n\n<\/div><\/div><\/div><\/div><div id=\"pgc-162-0-1\"  class=\"panel-grid-cell\" ><div id=\"panel-162-0-1-0\" class=\"so-panel widget widget_sow-editor panel-first-child\" data-index=\"1\" ><div\n\t\t\t\n\t\t\tclass=\"so-widget-sow-editor so-widget-sow-editor-base\"\n\t\t\t\n\t\t>\n<div class=\"siteorigin-widget-tinymce textwidget\">\n\t<p>Welchen Preis zahlen Menschen f\u00fcr ihr Gl\u00fcck?<br \/>\nWelchen Preis zahlen sie f\u00fcr ihr Leben?<\/p>\n<p>Berlin. Laura und Patrick unterwegs auf einer Cabrio-Fahrt ins Wochenende. Sie sind jung, sehen gut aus und sind auf dem Sprung zum gro\u00dfen Geld, denn Patricks App-Spiel \"Bist du gl\u00fccklich?\" erobert die Welt. Weil der Spieler sein eigenes Leben neu sieht: Er muss ausbrechen, Mauern einrei\u00dfen, Grenzen \u00fcberschreiten.<br \/>\nEine Stalkerin l\u00e4sst sich nicht absch\u00fctteln. Sie scheint etwas \u00fcber Patrick zu wissen, das Laura nicht wei\u00df. Ist sie wirklich Krankenschwester? Warum hat sie im Wagen einen Koffer voller Medikamente?<br \/>\nIhr Ziel: ein einsames, verfallenes Schloss in Brandenburg. Laura und Patrick planen die Restaurierung. Doch im Dachgeschoss findet Laura Blutspuren, in Patricks Sporttasche eine Axt. Ein Kampf um die Wahrheit beginnt. Und um diesen Kampf zu gewinnen, um diese Nacht zu \u00fcberleben, muss Laura Mauern einrei\u00dfen, Grenzen \u00fcberschreiten - in den eigenen Abgrund blicken.<\/p>\n<p>F\u00fcnf Personen.<br \/>\nSiebzehn Stunden.<br \/>\nEine Frage, die \u00fcber Leben und Tod entscheidet.<\/p>\n<\/div>\n<\/div><\/div><div id=\"panel-162-0-1-1\" class=\"so-panel widget widget_sydney_testimonials sydney_testimonials_widget panel-last-child\" data-index=\"2\" >\t\t\t<h3 class=\"widget-title\">KRITIKEN<\/h3>\t\t\t<div class=\"col-md-12\">\r\n\t\t\t\t<div class=\"roll-testimonials\" data-autoplay=\"5000\">\r\n\t\t\t\t\t\t\t\t\t\t\t                        <div class=\"customer\">\r\n                            <blockquote class=\"whisper\"><p>Nicht normal f\u00fcr die hiesige Literaturlandschaft ist auch der Plot, den Kai Hensel mit beeindruckender K\u00f6nnerschaft und viel Spa\u00df an blutig-groteskem Trash zwingend ins Irre abdriften l\u00e4sst \u2013 ein R\u00e4tsel mit bissigen realsatirischen Z\u00fcgen.<\/p>\n<p>26. Januar 17<\/p>\n<\/blockquote>                               \r\n                                                            \r\n                            <div class=\"name\">\r\n                            \tJungle World                            \t<span><\/span>\r\n                            <\/div>\r\n                        <\/div>\r\n\t\t\t\t\t\t\t\t\t\t\t                        <div class=\"customer\">\r\n                            <blockquote class=\"whisper\"><p>Mitrei\u00dfend und in bester Stephen-King-Manier geschrieben!<\/p>\n<p>22. Dezember 2016<\/p>\n<\/blockquote>                               \r\n                                                            \r\n                            <div class=\"name\">\r\n                            \tHafencity-Zeitung                            \t<span><\/span>\r\n                            <\/div>\r\n                        <\/div>\r\n\t\t\t\t\t\t\t\t\t\t\t                        <div class=\"customer\">\r\n                            <blockquote class=\"whisper\"><p class=\"m_3025962335635394959western\">\u201eMord, Kannibalismus, Medikamentenmissbrauch, Habgier, Geltungssucht, Intrigen und Macht sind der Cocktail f\u00fcr eines der fantastischsten B\u00fccher, die Ende dieses Jahres rausgekommen sind. 5 Sterne.\u201c<u><\/u><u><\/u><\/p>\n<p>16.\u00a0Oktober 2016<\/p>\n<\/blockquote>                               \r\n                                                            \r\n                            <div class=\"name\">\r\n                            \trbb                            \t<span><\/span>\r\n                            <\/div>\r\n                        <\/div>\r\n\t\t\t\t\t\t\t\t\t\t\t                        <div class=\"customer\">\r\n                            <blockquote class=\"whisper\"><p>\u00bbDie Atmosph\u00e4re st\u00e4ndiger Bedrohung, das Gef\u00fchl permanenter Verunsicherung, die subtile Demontage aller vermeintlichen Sicherheiten des b\u00fcrgerlichen Lebens \u2013 all das verdichtet Kai Hensel zu einem d\u00fcsteren Protokoll einer Nacht.<br \/>\nStilistisch perfekt, dialogstark und erz\u00e4hlerisch absolut versiert \u2013 ein einziger Genuss von einem Thriller.\u00ab<\/p>\n<p>29. Oktober\u00a02016<\/p>\n<\/blockquote>                               \r\n                                                            \r\n                            <div class=\"name\">\r\n                            \tWDR 5                            \t<span><\/span>\r\n                            <\/div>\r\n                        <\/div>\r\n\t\t\t\t\t\t\t\t\t\t\t                        <div class=\"customer\">\r\n                            <blockquote class=\"whisper\"><p>\u00bbIn seinem aktuellen Thriller begibt sich Kai Hensel\u00a0tief in\u00a0menschliche Abgr\u00fcnde.\u00ab<\/p>\n<p>19.\u00a0Oktober 2016<\/p>\n<\/blockquote>                               \r\n                                                            \r\n                            <div class=\"name\">\r\n                            \tS\u00fcdhessen Woche                            \t<span><\/span>\r\n                            <\/div>\r\n                        <\/div>\r\n\t\t\t\t\t\t\t\t\t\t\t                        <div class=\"customer\">\r\n                            <blockquote class=\"whisper\"><p>\u00bbDer bitterb\u00f6se-rasante Roman von Kai Hensel ist so etwas wie das Buch der Stunde f\u00fcr das neue Berlin zwischen digitalem Goldgr\u00e4bertum und Neobiedermeier.\u00ab<\/p>\n<p><em>September 2016<\/em><\/p>\n<\/blockquote>                               \r\n                                                            \r\n                            <div class=\"name\">\r\n                            \tTIP Berlin                            \t<span><\/span>\r\n                            <\/div>\r\n                        <\/div>\r\n\t\t\t\t\t\t\t\t\t\t\t                        <div class=\"customer\">\r\n                            <blockquote class=\"whisper\"><p>&#8222;Bist du gl\u00fccklich?&#8220; ist mehr als der Titel eines h\u00f6chst spannenden Buches \u2026 Ein Thriller, der zeigt, welche Ausma\u00dfe das Streben nach Gl\u00fcck, ja fast schon die Begierde danach, im digitalen Zeitalter annehmen kann. Kai Hensel ist ein rasanter, kreativer Psychothriller gelungen.<\/p>\n<p>25.\u00a0Oktober 2016<\/p>\n<\/blockquote>                               \r\n                                                            \r\n                            <div class=\"name\">\r\n                            \tHessenschau                            \t<span><\/span>\r\n                            <\/div>\r\n                        <\/div>\r\n\t\t\t\t\t\t\t\t\t\t\t                        <div class=\"customer\">\r\n                            <blockquote class=\"whisper\"><p>\u201eAllen vermuteten oder tats\u00e4chlichen literarhistorischen Reminiszenzen zum Trotz ist Hensels Roman gegenw\u00e4rtig im besten Sinne. Seine bitterb\u00f6se Attacke auf die digitalisierte Scheinwelt zeigt die leider oft untersch\u00e4tzten \u00e4sthetischen M\u00f6glichkeiten von Genreliteratur auf \u00fcberzeugende Weise.\u201c<\/p>\n<p>Dezember 2016<\/p>\n<p>&nbsp;<\/p>\n<\/blockquote>                               \r\n                                                            \r\n                            <div class=\"name\">\r\n                            \tAM ERKER \u2013 Zeitschrift f\u00fcr Literatur                            \t<span><\/span>\r\n                            <\/div>\r\n                        <\/div>\r\n\t\t\t\t\t\t\t\t\t\t\t                        <div class=\"customer\">\r\n                            <blockquote class=\"whisper\"><p>\u201eEin ungew\u00f6hnlicher, ungew\u00f6hnlich spannender Thriller\u201c<\/p>\n<p>14. September 2016<\/p>\n<p>&nbsp;<\/p>\n<\/blockquote>                               \r\n                                                            \r\n                            <div class=\"name\">\r\n                            \tNDR 90,3                            \t<span><\/span>\r\n                            <\/div>\r\n                        <\/div>\r\n\t\t\t\t\t\t\t\t\t\t\t                        <div class=\"customer\">\r\n                            <blockquote class=\"whisper\"><p>\u00bbNeues Geld kauft altes Prestige, das ist der Gang der Welt. Selten aber sieht man diesen Gang so lustvoll aus dem Tritt gebracht wie in Kai Hensels Thriller \u201eBist du gl\u00fccklich?\u201c \u2026 Literatur mit bitterb\u00f6ser Rasanz auf dem Level der Gegenwart.\u00ab<\/p>\n<p>22. August 2016<\/p>\n<\/blockquote>                               \r\n                                                            \r\n                            <div class=\"name\">\r\n                            \tDer Standard                            \t<span><\/span>\r\n                            <\/div>\r\n                        <\/div>\r\n\t\t\t\t\t\t\t\t\t\t\t                        <div class=\"customer\">\r\n                            <blockquote class=\"whisper\"><p>Kai Hensels atemberaubender Thriller spielt an nur zwei Tagen, sozusagen in &#8222;Echtzeit&#8220;, und dem Leser wird nahezu schwindelig, je weiter die Geschichte vorw\u00e4rtsschreitet. Unbedingt lesen.<\/p>\n<p>21. August 2016<\/p>\n<p>&nbsp;<\/p>\n<\/blockquote>                               \r\n                                                            \r\n                            <div class=\"name\">\r\n                            \tRuhrnachrichten                            \t<span><\/span>\r\n                            <\/div>\r\n                        <\/div>\r\n\t\t\t\t\t\t\t\t\t\t\t                        <div class=\"customer\">\r\n                            <blockquote class=\"whisper\"><p>Dem Autor gelingt es meisterhaft, dem Durchschnittsdeutschen den fundamentalen Irrtum seiner Sozialisation: es g\u00e4be Gl\u00fcck, das mit nur ausreichend Engagement in der Befreiung von Alltagszw\u00e4ngen, gleichg\u00fcltig zu wessen Lasten, l\u00e4ge, zu entschleiern \u2013 und er tut das auf bissige und elegant unterhaltsame Weise \u2026 ein bitterb\u00f6ses, saukomisches Buch.<br \/>\n15. August 2016<\/p>\n<\/blockquote>                               \r\n                                                            \r\n                            <div class=\"name\">\r\n                            \tCULTURMAG                            \t<span><\/span>\r\n                            <\/div>\r\n                        <\/div>\r\n\t\t\t\t\t\t\t\t\t\t\t                        <div class=\"customer\">\r\n                            <blockquote class=\"whisper\"><p>Raffiniert platziert Hensel seine unheilvollen Andeutungen &#8211; den Spannungsbogen von Seite zu Seite st\u00e4rker zu spannen, das versteht er perfekt. Ein Szenario, das Stephen King h\u00e4tte erschaffen k\u00f6nnen.<br \/>\n28. Juli 2016<\/p>\n<\/blockquote>                               \r\n                                                            \r\n                            <div class=\"name\">\r\n                            \tHamburger Abendblatt                            \t<span><\/span>\r\n                            <\/div>\r\n                        <\/div>\r\n\t\t\t\t\t\t\t\t\t<\/div>\r\n\t\t\t<\/div>\t\r\n\r\n\t\t\t\t\r\n\r\n\t<\/div><\/div><\/div><\/div><\/div>","protected":false},"excerpt":{"rendered":"<p>Welchen Preis zahlen Menschen f\u00fcr ihr Gl\u00fcck? Welchen Preis zahlen sie f\u00fcr ihr Leben? Berlin. Laura und Patrick unterwegs auf einer Cabrio-Fahrt [&hellip;]<\/p>\n","protected":false},"author":1,"featured_media":0,"parent":0,"menu_order":0,"comment_status":"closed","ping_status":"closed","template":"page-templates\/page_front-page.php","meta":[],"_links":{"self":[{"href":"http:\/\/kaihensel.de\/index.php?rest_route=\/wp\/v2\/pages\/162"}],"collection":[{"href":"http:\/\/kaihensel.de\/index.php?rest_route=\/wp\/v2\/pages"}],"about":[{"href":"http:\/\/kaihensel.de\/index.php?rest_route=\/wp\/v2\/types\/page"}],"author":[{"embeddable":true,"href":"http:\/\/kaihensel.de\/index.php?rest_route=\/wp\/v2\/users\/1"}],"replies":[{"embeddable":true,"href":"http:\/\/kaihensel.de\/index.php?rest_route=%2Fwp%2Fv2%2Fcomments&post=162"}],"version-history":[{"count":51,"href":"http:\/\/kaihensel.de\/index.php?rest_route=\/wp\/v2\/pages\/162\/revisions"}],"predecessor-version":[{"id":653,"href":"http:\/\/kaihensel.de\/index.php?rest_route=\/wp\/v2\/pages\/162\/revisions\/653"}],"wp:attachment":[{"href":"http:\/\/kaihensel.de\/index.php?rest_route=%2Fwp%2Fv2%2Fmedia&parent=162"}],"curies":[{"name":"wp","href":"https:\/\/api.w.org\/{rel}","templated":true}]}}