{"id":17,"date":"2016-04-23T18:03:32","date_gmt":"2016-04-23T18:03:32","guid":{"rendered":"http:\/\/kaihensel.de\/?page_id=17"},"modified":"2016-06-07T17:12:30","modified_gmt":"2016-06-07T17:12:30","slug":"workshop","status":"publish","type":"page","link":"http:\/\/kaihensel.de\/?page_id=17","title":{"rendered":"Workshop"},"content":{"rendered":"<div id=\"pl-17\"  class=\"panel-layout\" ><div id=\"pg-17-0\"  class=\"panel-grid panel-has-style\" ><div style=\"padding: 100px 0; \" data-overlay=\"true\" class=\"panel-row-style panel-row-style-for-17-0\" ><div id=\"pgc-17-0-0\"  class=\"panel-grid-cell panel-grid-cell-empty\" ><\/div><div id=\"pgc-17-0-1\"  class=\"panel-grid-cell panel-grid-cell-mobile-last\" ><div id=\"panel-17-0-1-0\" class=\"so-panel widget widget_sow-editor panel-first-child panel-last-child\" data-index=\"0\" ><div\n\t\t\t\n\t\t\tclass=\"so-widget-sow-editor so-widget-sow-editor-base\"\n\t\t\t\n\t\t>\n<div class=\"siteorigin-widget-tinymce textwidget\">\n\t<p style=\"text-align: center;\">Als Dozent f\u00fcr Kreatives Schreiben unterrichtet Kai Hensel unter anderem an der HFF M\u00fcnchen, dem Goethe-Institut und der Universit\u00e4t Augsburg.<\/p>\n<p style=\"text-align: center;\"><u><\/u>\u00a0<a href=\"http:\/\/kaihensel.de\/wp-content\/uploads\/2016\/04\/creativity.pdf\" target=\"_blank\">\u201eCreativity is the structuring of Magic\u201c<\/a><\/p>\n<\/div>\n<\/div><\/div><\/div><div id=\"pgc-17-0-2\"  class=\"panel-grid-cell panel-grid-cell-empty\" ><\/div><\/div><\/div><\/div>","protected":false},"excerpt":{"rendered":"<p>Als Dozent f\u00fcr Kreatives Schreiben unterrichtet Kai Hensel unter anderem an der HFF M\u00fcnchen, dem Goethe-Institut und der Universit\u00e4t Augsburg.\u00a0\u201eCreativity is the [&hellip;]<\/p>\n","protected":false},"author":1,"featured_media":0,"parent":0,"menu_order":0,"comment_status":"closed","ping_status":"closed","template":"page-templates\/page_front-page.php","meta":[],"_links":{"self":[{"href":"http:\/\/kaihensel.de\/index.php?rest_route=\/wp\/v2\/pages\/17"}],"collection":[{"href":"http:\/\/kaihensel.de\/index.php?rest_route=\/wp\/v2\/pages"}],"about":[{"href":"http:\/\/kaihensel.de\/index.php?rest_route=\/wp\/v2\/types\/page"}],"author":[{"embeddable":true,"href":"http:\/\/kaihensel.de\/index.php?rest_route=\/wp\/v2\/users\/1"}],"replies":[{"embeddable":true,"href":"http:\/\/kaihensel.de\/index.php?rest_route=%2Fwp%2Fv2%2Fcomments&post=17"}],"version-history":[{"count":5,"href":"http:\/\/kaihensel.de\/index.php?rest_route=\/wp\/v2\/pages\/17\/revisions"}],"predecessor-version":[{"id":405,"href":"http:\/\/kaihensel.de\/index.php?rest_route=\/wp\/v2\/pages\/17\/revisions\/405"}],"wp:attachment":[{"href":"http:\/\/kaihensel.de\/index.php?rest_route=%2Fwp%2Fv2%2Fmedia&parent=17"}],"curies":[{"name":"wp","href":"https:\/\/api.w.org\/{rel}","templated":true}]}}