{"id":195,"date":"2016-05-24T17:44:32","date_gmt":"2016-05-24T17:44:32","guid":{"rendered":"http:\/\/kaihensel.de\/?page_id=195"},"modified":"2016-05-28T14:02:32","modified_gmt":"2016-05-28T14:02:32","slug":"neid-ein-motivationstraining","status":"publish","type":"page","link":"http:\/\/kaihensel.de\/?page_id=195","title":{"rendered":"NEID &#8211; ein Motivationstraining"},"content":{"rendered":"<div id=\"pl-195\"  class=\"panel-layout\" ><div id=\"pg-195-0\"  class=\"panel-grid panel-has-style\" ><div style=\"padding: 10px 0; \" data-overlay=\"true\" class=\"panel-row-style panel-row-style-for-195-0\" ><div id=\"pgc-195-0-0\"  class=\"panel-grid-cell\" ><div id=\"panel-195-0-0-0\" class=\"so-panel widget widget_sow-editor panel-first-child panel-last-child\" data-index=\"0\" ><div class=\"panel-widget-style panel-widget-style-for-195-0-0-0\" ><div\n\t\t\t\n\t\t\tclass=\"so-widget-sow-editor so-widget-sow-editor-base\"\n\t\t\t\n\t\t>\n<div class=\"siteorigin-widget-tinymce textwidget\">\n\t<p>\"Ver\u00adehrte H\u00f6\u00adre\u00adrinnen und H\u00f6rer, bitte wagen Sie den kla\u00adren Blick: Wel\u00adche M\u00e4chte haben Sie bis jetzt durch Ihr Leben ge\u00adf\u00fchrt? Durch H\u00f6hen und Tiefen, Sonne und Sturm, meist aber \u00fcber die\u00adsig ver\u00adhan\u00adgenes Flach\u00adland? K\u00f6nn\u00adten Sie Ihr Leben noch einmal be\u00adginnen, w\u00fcrden Sie die\u00adsen Kr\u00e4f\u00adten aufs Neue folgen? Aber nun schau\u00aden Sie nach vorn: Wel\u00adche Macht steht, ge\u00adra\u00adde in den schwer\u00adsten Stun\u00adden, treu an Ihrer Seite? Eine w\u00e4r\u00admende, gelbe Suppe? Manch\u00admal wirkt sie l\u00e4hmend und de\u00adpres\u00adsiv. Manchmal eifernd und em\u00adp\u00f6rt. Oder feind\u00adselig und b\u00f6se, wie eine Ratte frisst sie sich ins Hirn. Manche Menschen sch\u00e4\u00admen sich dieser Macht. Sie wol\u00adlen sie nieder\u00adw\u00fcrgen, er\u00adsticken, mit lieb\u00adreiz\u00adenden W\u00f6rtern wie Eifer\u00adsucht, Ehre, Ge\u00adrechtig\u00adkeits\u00adl\u00fccke. Aber warum blo\u00df? Die gelbe S\u00fcnde hilft beim Ab\u00adnehmen. Wer sich ihr hin\u00adgibt, braucht viel weni\u00adger Schlaf. Und sie stellt den Blick scharf: Wo stehe ich, wo stehen die anderen? Wie gro\u00df ist der Ab\u00adstand? Wird er kleiner oder nimmt er zu?\"<\/p>\n<\/div>\n<\/div><\/div><\/div><\/div><div id=\"pgc-195-0-1\"  class=\"panel-grid-cell\" ><div id=\"panel-195-0-1-0\" class=\"so-panel widget widget_sow-editor panel-first-child panel-last-child\" data-index=\"1\" ><div class=\"panel-widget-style panel-widget-style-for-195-0-1-0\" ><div\n\t\t\t\n\t\t\tclass=\"so-widget-sow-editor so-widget-sow-editor-base\"\n\t\t\t\n\t\t>\n<div class=\"siteorigin-widget-tinymce textwidget\">\n\t<p>Regie: Martin Zylka<br \/> Mit: Jens Wawrczeck, Michael Witten\u00adborn, Hedi Krie\u00adgeskotte, Ale\u00adxandra Henkel, Daniel Wiemer u.a.<br \/> Produktion: WDR 2012<\/p>\n<\/div>\n<\/div><\/div><\/div><\/div><\/div><\/div><\/div>","protected":false},"excerpt":{"rendered":"<p>&#8222;Ver\u00adehrte H\u00f6\u00adre\u00adrinnen und H\u00f6rer, bitte wagen Sie den kla\u00adren Blick: Wel\u00adche M\u00e4chte haben Sie bis jetzt durch Ihr Leben ge\u00adf\u00fchrt? Durch H\u00f6hen [&hellip;]<\/p>\n","protected":false},"author":1,"featured_media":0,"parent":0,"menu_order":0,"comment_status":"closed","ping_status":"closed","template":"page-templates\/page_front-page.php","meta":[],"_links":{"self":[{"href":"http:\/\/kaihensel.de\/index.php?rest_route=\/wp\/v2\/pages\/195"}],"collection":[{"href":"http:\/\/kaihensel.de\/index.php?rest_route=\/wp\/v2\/pages"}],"about":[{"href":"http:\/\/kaihensel.de\/index.php?rest_route=\/wp\/v2\/types\/page"}],"author":[{"embeddable":true,"href":"http:\/\/kaihensel.de\/index.php?rest_route=\/wp\/v2\/users\/1"}],"replies":[{"embeddable":true,"href":"http:\/\/kaihensel.de\/index.php?rest_route=%2Fwp%2Fv2%2Fcomments&post=195"}],"version-history":[{"count":4,"href":"http:\/\/kaihensel.de\/index.php?rest_route=\/wp\/v2\/pages\/195\/revisions"}],"predecessor-version":[{"id":294,"href":"http:\/\/kaihensel.de\/index.php?rest_route=\/wp\/v2\/pages\/195\/revisions\/294"}],"wp:attachment":[{"href":"http:\/\/kaihensel.de\/index.php?rest_route=%2Fwp%2Fv2%2Fmedia&parent=195"}],"curies":[{"name":"wp","href":"https:\/\/api.w.org\/{rel}","templated":true}]}}