{"id":567,"date":"2018-04-10T17:12:17","date_gmt":"2018-04-10T17:12:17","guid":{"rendered":"http:\/\/kaihensel.de\/?page_id=567"},"modified":"2019-03-31T11:59:07","modified_gmt":"2019-03-31T11:59:07","slug":"berlin-noir","status":"publish","type":"page","link":"http:\/\/kaihensel.de\/?page_id=567","title":{"rendered":"Berlin Noir"},"content":{"rendered":"<div id=\"pl-567\"  class=\"panel-layout\" ><div id=\"pg-567-0\"  class=\"panel-grid panel-has-style\" ><div style=\"padding: 100px 0; \" data-overlay=\"true\" class=\"panel-row-style panel-row-style-for-567-0\" ><div id=\"pgc-567-0-0\"  class=\"panel-grid-cell\" ><div id=\"panel-567-0-0-0\" class=\"so-panel widget widget_sow-image panel-first-child panel-last-child\" data-index=\"0\" ><div\n\t\t\t\n\t\t\tclass=\"so-widget-sow-image so-widget-sow-image-default-c67d20f9f743-567\"\n\t\t\t\n\t\t>\n\n<div class=\"sow-image-container\">\n\t\t<img src=\"http:\/\/kaihensel.de\/wp-content\/uploads\/2018\/04\/berlinNoir.jpg\" width=\"318\" height=\"500\" srcset=\"http:\/\/kaihensel.de\/wp-content\/uploads\/2018\/04\/berlinNoir.jpg 318w, http:\/\/kaihensel.de\/wp-content\/uploads\/2018\/04\/berlinNoir-191x300.jpg 191w, http:\/\/kaihensel.de\/wp-content\/uploads\/2018\/04\/berlinNoir-230x362.jpg 230w\" sizes=\"(max-width: 318px) 100vw, 318px\" alt=\"\" loading=\"lazy\" \t\tclass=\"so-widget-image\"\/>\n\t<\/div>\n\n<\/div><\/div><\/div><div id=\"pgc-567-0-1\"  class=\"panel-grid-cell\" ><div id=\"panel-567-0-1-0\" class=\"so-panel widget widget_sow-editor panel-first-child\" data-index=\"1\" ><div\n\t\t\t\n\t\t\tclass=\"so-widget-sow-editor so-widget-sow-editor-base\"\n\t\t\t\n\t\t>\n<div class=\"siteorigin-widget-tinymce textwidget\">\n\t<p><strong>Eine tiefschwarze Liebeserkl\u00e4rung an Berlin.<\/strong><b><br \/><\/b>13 Kurzgeschichten, 13 Blickwinkel, 13 Stadtviertel \u2013 und 13 faszinierende Teile eines gr\u00f6\u00dferen Puzzles. Ein spannendes literarisches St\u00e4dteportr\u00e4t aus extra f\u00fcr diese Anthologie geschriebenen Original-Geschichten etablierter Top-Autor\/innen und aufregender Newcomer.<\/p>\n<\/div>\n<\/div><\/div><div id=\"panel-567-0-1-1\" class=\"so-panel widget widget_sydney_testimonials sydney_testimonials_widget panel-last-child\" data-index=\"2\" >\t\t\t<h3 class=\"widget-title\">KRITIKEN<\/h3>\t\t\t<div class=\"col-md-12\">\r\n\t\t\t\t<div class=\"roll-testimonials\" data-autoplay=\"5000\">\r\n\t\t\t\t\t\t\t\t\t\t\t                        <div class=\"customer\">\r\n                            <blockquote class=\"whisper\"><p>The 13 stories in this welcome entry in Akashic&#8217;s noir series, all set in 21st-century Berlin, are less about traditional crime and more likely to involve gentrification, immigrants, or Airbnb&#8230;There&#8217;s more than enough variety to entertain most readers.<\/p>\n<\/blockquote>                               \r\n                                                            \r\n                            <div class=\"name\">\r\n                            \tPublishers Weekly                            \t<span><\/span>\r\n                            <\/div>\r\n                        <\/div>\r\n\t\t\t\t\t\t\t\t\t\t\t                        <div class=\"customer\">\r\n                            <blockquote class=\"whisper\"><p>A city with a rich noir past looks beyond its history to an equally unsettling present&#8230; A determinedly contemporary but genuinely noir Collection.<\/p>\n<\/blockquote>                               \r\n                                                            \r\n                            <div class=\"name\">\r\n                            \tKirkus Reviews                            \t<span><\/span>\r\n                            <\/div>\r\n                        <\/div>\r\n\t\t\t\t\t\t\t\t\t\t\t                        <div class=\"customer\">\r\n                            <blockquote class=\"whisper\"><p>Die Spitzenmannschaft des deutschen Neo-Noir vermisst mit ihren Stories die Berliner Quartiere. In hervorragenden Spannungs-Geschichten, die ein tiefschwarzes Stadtportr\u00e4t zeichnen, abseits von Politbetrieb und Hipster-Lifestyle.<br \/>\nReinhard Jahn <\/p>\n<\/blockquote>                               \r\n                                                            \r\n                            <div class=\"name\">\r\n                            \tWAZ                            \t<span><\/span>\r\n                            <\/div>\r\n                        <\/div>\r\n\t\t\t\t\t\t\t\t\t\t\t                        <div class=\"customer\">\r\n                            <blockquote class=\"whisper\"><p>Wozu die deutsche Kriminalliteratur in der Lage ist, zeigt der fantastische Band \u203aBerlin Noir\u2039. Besser kann man sich nicht durch Berlin f\u00fchren lassen.<br \/>\nThekla Dannenberg<\/p>\n<\/blockquote>                               \r\n                                                            \r\n                            <div class=\"name\">\r\n                            \tPerlentaucher                            \t<span><\/span>\r\n                            <\/div>\r\n                        <\/div>\r\n\t\t\t\t\t\t\t\t\t<\/div>\r\n\t\t\t<\/div>\t\r\n\r\n\t\t\t\t\r\n\r\n\t<\/div><\/div><\/div><\/div><\/div>","protected":false},"excerpt":{"rendered":"<p>Eine tiefschwarze Liebeserkl\u00e4rung an Berlin. 13 Kurzgeschichten, 13 Blickwinkel, 13 Stadtviertel \u2013 und 13 faszinierende Teile eines gr\u00f6\u00dferen Puzzles. Ein spannendes literarisches [&hellip;]<\/p>\n","protected":false},"author":1,"featured_media":0,"parent":0,"menu_order":0,"comment_status":"closed","ping_status":"closed","template":"page-templates\/page_front-page.php","meta":[],"_links":{"self":[{"href":"http:\/\/kaihensel.de\/index.php?rest_route=\/wp\/v2\/pages\/567"}],"collection":[{"href":"http:\/\/kaihensel.de\/index.php?rest_route=\/wp\/v2\/pages"}],"about":[{"href":"http:\/\/kaihensel.de\/index.php?rest_route=\/wp\/v2\/types\/page"}],"author":[{"embeddable":true,"href":"http:\/\/kaihensel.de\/index.php?rest_route=\/wp\/v2\/users\/1"}],"replies":[{"embeddable":true,"href":"http:\/\/kaihensel.de\/index.php?rest_route=%2Fwp%2Fv2%2Fcomments&post=567"}],"version-history":[{"count":6,"href":"http:\/\/kaihensel.de\/index.php?rest_route=\/wp\/v2\/pages\/567\/revisions"}],"predecessor-version":[{"id":588,"href":"http:\/\/kaihensel.de\/index.php?rest_route=\/wp\/v2\/pages\/567\/revisions\/588"}],"wp:attachment":[{"href":"http:\/\/kaihensel.de\/index.php?rest_route=%2Fwp%2Fv2%2Fmedia&parent=567"}],"curies":[{"name":"wp","href":"https:\/\/api.w.org\/{rel}","templated":true}]}}