{"id":741,"date":"2023-07-13T14:49:33","date_gmt":"2023-07-13T14:49:33","guid":{"rendered":"http:\/\/kaihensel.de\/?page_id=741"},"modified":"2023-07-13T14:55:49","modified_gmt":"2023-07-13T14:55:49","slug":"hamburg-noir","status":"publish","type":"page","link":"http:\/\/kaihensel.de\/?page_id=741","title":{"rendered":"Hamburg noir"},"content":{"rendered":"<div id=\"pl-741\"  class=\"panel-layout\" ><div id=\"pg-741-0\"  class=\"panel-grid panel-has-style\" ><div style=\"padding: 100px 0; \" data-overlay=\"true\" data-overlay-color=\"#000000\" class=\"panel-row-style panel-row-style-for-741-0\" ><div id=\"pgc-741-0-0\"  class=\"panel-grid-cell\" ><div id=\"panel-741-0-0-0\" class=\"so-panel widget widget_sow-image panel-first-child panel-last-child\" data-index=\"0\" ><div style=\"text-align: left;\" data-title-color=\"#443f3f\" data-headings-color=\"#443f3f\" class=\"panel-widget-style panel-widget-style-for-741-0-0-0\" ><div\n\t\t\t\n\t\t\tclass=\"so-widget-sow-image so-widget-sow-image-default-8b5b6f678277-741\"\n\t\t\t\n\t\t>\n\n<div class=\"sow-image-container\">\n\t\t<img src=\"http:\/\/kaihensel.de\/wp-content\/uploads\/2023\/07\/HamburgNoir.jpg\" width=\"1789\" height=\"2400\" srcset=\"http:\/\/kaihensel.de\/wp-content\/uploads\/2023\/07\/HamburgNoir.jpg 1789w, http:\/\/kaihensel.de\/wp-content\/uploads\/2023\/07\/HamburgNoir-224x300.jpg 224w, http:\/\/kaihensel.de\/wp-content\/uploads\/2023\/07\/HamburgNoir-763x1024.jpg 763w, http:\/\/kaihensel.de\/wp-content\/uploads\/2023\/07\/HamburgNoir-768x1030.jpg 768w, http:\/\/kaihensel.de\/wp-content\/uploads\/2023\/07\/HamburgNoir-1145x1536.jpg 1145w, http:\/\/kaihensel.de\/wp-content\/uploads\/2023\/07\/HamburgNoir-1527x2048.jpg 1527w, http:\/\/kaihensel.de\/wp-content\/uploads\/2023\/07\/HamburgNoir-1000x1342.jpg 1000w, http:\/\/kaihensel.de\/wp-content\/uploads\/2023\/07\/HamburgNoir-230x309.jpg 230w, http:\/\/kaihensel.de\/wp-content\/uploads\/2023\/07\/HamburgNoir-350x470.jpg 350w, http:\/\/kaihensel.de\/wp-content\/uploads\/2023\/07\/HamburgNoir-480x644.jpg 480w\" sizes=\"(max-width: 1789px) 100vw, 1789px\" alt=\"\" loading=\"lazy\" \t\tclass=\"so-widget-image\"\/>\n\t<\/div>\n\n<\/div><\/div><\/div><\/div><div id=\"pgc-741-0-1\"  class=\"panel-grid-cell\" ><div id=\"panel-741-0-1-0\" class=\"so-panel widget widget_sow-editor panel-first-child panel-last-child\" data-index=\"1\" ><div style=\"text-align: left;\" data-title-color=\"#443f3f\" data-headings-color=\"#443f3f\" class=\"panel-widget-style panel-widget-style-for-741-0-1-0\" ><div\n\t\t\t\n\t\t\tclass=\"so-widget-sow-editor so-widget-sow-editor-base\"\n\t\t\t\n\t\t>\n<div class=\"siteorigin-widget-tinymce textwidget\">\n\t<div id=\"bookDescription_feature_div\" class=\"celwidget\" data-feature-name=\"bookDescription\" data-csa-c-type=\"widget\" data-csa-c-content-id=\"bookDescription\" data-csa-c-slot-id=\"bookDescription_feature_div\" data-csa-c-asin=\"3959881878\" data-csa-c-is-in-initial-active-row=\"false\" data-csa-c-id=\"mo35lv-rw6zg8-qtk9cm-7q837j\" data-cel-widget=\"bookDescription_feature_div\">\n<div class=\"a-expander-collapsed-height a-row a-expander-container a-spacing-base a-expander-partial-collapse-container\" data-a-expander-name=\"book_description_expander\" data-a-expander-collapsed-height=\"140\">\n<div class=\"a-expander-content a-expander-partial-collapse-content\" aria-expanded=\"false\">14 Originalgeschichten erstklassiger Autorinnen und Autoren, 14 Blickwinkel, 14 Stadtviertel \u2013 und 14 faszinierende Teile eines gr\u00f6\u00dferen Puzzles. \u00bbHamburg Noir\u00ab ist eine packende Entdeckungsreise durch die dunklen Seiten der Hansestadt, von Hamburgs Norden in die City und auf den Kiez, von Hamburgs S\u00fcden \u00fcber den Hafen und Altona bis in das wohlhabende Blankenese. Ein spannendes literarisches St\u00e4dteportr\u00e4t und eine tiefschwarze Liebeserkl\u00e4rung an eine vielschichtige Stadt.<\/div>\n<\/div>\n<\/div>\n<div id=\"globalStoreInfoBullets_feature_div\" class=\"celwidget\" data-feature-name=\"globalStoreInfoBullets\" data-csa-c-type=\"widget\" data-csa-c-content-id=\"globalStoreInfoBullets\" data-csa-c-slot-id=\"globalStoreInfoBullets_feature_div\" data-csa-c-asin=\"3959881878\" data-csa-c-is-in-initial-active-row=\"false\" data-csa-c-id=\"5xvndx-d5e2xq-jt1iw8-sg3euc\" data-cel-widget=\"globalStoreInfoBullets_feature_div\"><\/div>\n<div id=\"buyingOptionNostosBadge_feature_div\" class=\"celwidget\" data-feature-name=\"buyingOptionNostosBadge\" data-csa-c-type=\"widget\" data-csa-c-content-id=\"buyingOptionNostosBadge\" data-csa-c-slot-id=\"buyingOptionNostosBadge_feature_div\" data-csa-c-asin=\"3959881878\" data-csa-c-is-in-initial-active-row=\"false\" data-csa-c-id=\"v73tes-5788i0-kaceqw-h56eoe\" data-cel-widget=\"buyingOptionNostosBadge_feature_div\"><\/div>\n<div id=\"tellAmazon_feature_div\" class=\"celwidget\" data-feature-name=\"tellAmazon\" data-csa-c-type=\"widget\" data-csa-c-content-id=\"tellAmazon\" data-csa-c-slot-id=\"tellAmazon_feature_div\" data-csa-c-asin=\"3959881878\" data-csa-c-is-in-initial-active-row=\"false\" data-csa-c-id=\"goh5ri-af9hh5-4m90q7-jyrbvp\" data-cel-widget=\"tellAmazon_feature_div\">\n<div class=\"celwidget c-f\" data-csa-op-log-render=\"\" data-csa-c-content-id=\"DsUnknown\" data-csa-c-slot-id=\"DsUnknown-3\" data-csa-c-type=\"widget\" data-csa-c-painter=\"tell-amazon-desktop-cards\" data-csa-c-id=\"4ujo8l-k1y0g4-bq2zmw-n0kiu9\" data-cel-widget=\"tell-amazon-desktop_DetailPage_2\">\n<div id=\"CardInstanceoBB-1IlRWnFNM5hOWZgKnA\" data-card-metrics-id=\"tell-amazon-desktop_DetailPage_2\" data-acp-tracking=\"{}\" data-mix-claimed=\"true\">\n<div class=\"_tell-amazon-desktop_style_tell_amazon_desktop_div__1Loux\" data-asin=\"3959881878\"><\/div>\n<\/div>\n<\/div>\n<\/div>\n<\/div>\n<\/div><\/div><\/div><\/div><\/div><\/div><\/div>","protected":false},"excerpt":{"rendered":"<p>14 Originalgeschichten erstklassiger Autorinnen und Autoren, 14 Blickwinkel, 14 Stadtviertel \u2013 und 14 faszinierende Teile eines gr\u00f6\u00dferen Puzzles. \u00bbHamburg Noir\u00ab ist eine [&hellip;]<\/p>\n","protected":false},"author":1,"featured_media":0,"parent":0,"menu_order":0,"comment_status":"closed","ping_status":"closed","template":"page-templates\/page_front-page.php","meta":[],"_links":{"self":[{"href":"http:\/\/kaihensel.de\/index.php?rest_route=\/wp\/v2\/pages\/741"}],"collection":[{"href":"http:\/\/kaihensel.de\/index.php?rest_route=\/wp\/v2\/pages"}],"about":[{"href":"http:\/\/kaihensel.de\/index.php?rest_route=\/wp\/v2\/types\/page"}],"author":[{"embeddable":true,"href":"http:\/\/kaihensel.de\/index.php?rest_route=\/wp\/v2\/users\/1"}],"replies":[{"embeddable":true,"href":"http:\/\/kaihensel.de\/index.php?rest_route=%2Fwp%2Fv2%2Fcomments&post=741"}],"version-history":[{"count":8,"href":"http:\/\/kaihensel.de\/index.php?rest_route=\/wp\/v2\/pages\/741\/revisions"}],"predecessor-version":[{"id":751,"href":"http:\/\/kaihensel.de\/index.php?rest_route=\/wp\/v2\/pages\/741\/revisions\/751"}],"wp:attachment":[{"href":"http:\/\/kaihensel.de\/index.php?rest_route=%2Fwp%2Fv2%2Fmedia&parent=741"}],"curies":[{"name":"wp","href":"https:\/\/api.w.org\/{rel}","templated":true}]}}